{"id":5936,"date":"2025-10-29T03:53:51","date_gmt":"2025-10-29T06:53:51","guid":{"rendered":"https:\/\/euronutry.com.br\/loja\/produto\/vitamina-d-60-caps\/"},"modified":"2026-03-06T13:29:16","modified_gmt":"2026-03-06T16:29:16","slug":"vitamina-d-60-caps","status":"publish","type":"product","link":"https:\/\/euronutry.com.br\/loja\/produto\/vitamina-d-60-caps\/","title":{"rendered":"VITAMINA D 60 C\u00c1PS"},"content":{"rendered":"<h3 data-start=\"821\" data-end=\"866\">\ud83d\udcaa <strong data-start=\"828\" data-end=\"866\">Benef\u00edcios da Vitamina D Euronutry<\/strong><\/h3>\n<ul data-start=\"867\" data-end=\"1223\">\n<li data-start=\"867\" data-end=\"935\">\n<p data-start=\"869\" data-end=\"935\"><strong data-start=\"869\" data-end=\"897\">Fortalece ossos e dentes<\/strong>, prevenindo osteoporose e fraturas.<\/p>\n<\/li>\n<li data-start=\"936\" data-end=\"991\">\n<p data-start=\"938\" data-end=\"991\"><strong data-start=\"938\" data-end=\"966\">Melhora a for\u00e7a muscular<\/strong> e a disposi\u00e7\u00e3o f\u00edsica.<\/p>\n<\/li>\n<li data-start=\"992\" data-end=\"1052\">\n<p data-start=\"994\" data-end=\"1052\"><strong data-start=\"994\" data-end=\"1017\">Aumenta a imunidade<\/strong> e ajuda na preven\u00e7\u00e3o de doen\u00e7as.<\/p>\n<\/li>\n<li data-start=\"1053\" data-end=\"1112\">\n<p data-start=\"1055\" data-end=\"1112\"><strong data-start=\"1055\" data-end=\"1076\">Reduz inflama\u00e7\u00f5es<\/strong> e melhora a resist\u00eancia do corpo.<\/p>\n<\/li>\n<li data-start=\"1113\" data-end=\"1165\">\n<p data-start=\"1115\" data-end=\"1165\"><strong data-start=\"1115\" data-end=\"1163\">Previne doen\u00e7as cardiovasculares e diabetes.<\/strong><\/p>\n<\/li>\n<li data-start=\"1166\" data-end=\"1223\">\n<p data-start=\"1168\" data-end=\"1223\"><strong data-start=\"1168\" data-end=\"1189\">A\u00e7\u00e3o antioxidante<\/strong> que combate os radicais livres.<\/p>\n<\/li>\n<\/ul>\n<p data-start=\"1225\" data-end=\"1381\">Com laborat\u00f3rio de \u00faltima gera\u00e7\u00e3o e insumos de pureza m\u00e1xima, a Euronutry segue <strong data-start=\"1305\" data-end=\"1338\">padr\u00f5es europeus de qualidade<\/strong>, garantindo resultados reais e acess\u00edveis.<\/p>\n<hr data-start=\"1383\" data-end=\"1386\" \/>\n<h3 data-start=\"1388\" data-end=\"1414\">\ud83d\udd52 <strong data-start=\"1395\" data-end=\"1414\">Sugest\u00e3o de uso<\/strong><\/h3>\n<p data-start=\"1415\" data-end=\"1497\">Ingerir <strong data-start=\"1423\" data-end=\"1443\">1 c\u00e1psula ao dia<\/strong>, ou conforme recomenda\u00e7\u00e3o de nutricionista ou m\u00e9dico.<\/p>\n<hr data-start=\"1499\" data-end=\"1502\" \/>\n<h3 data-start=\"1504\" data-end=\"1527\">\ud83d\udd2c <strong data-start=\"1511\" data-end=\"1527\">Ingredientes<\/strong><\/h3>\n<p data-start=\"1528\" data-end=\"1679\">Vitamina D (Colecalciferol), agente de massa polidextrose, antiumectante di\u00f3xido de sil\u00edcio.<br data-start=\"1620\" data-end=\"1623\" \/><strong data-start=\"1623\" data-end=\"1649\">Composi\u00e7\u00e3o da c\u00e1psula:<\/strong> gelatina e \u00e1gua purificada.<\/p>\n<p data-start=\"1681\" data-end=\"1739\">\u27a1\ufe0f <strong data-start=\"1684\" data-end=\"1739\">Pode conter derivados de leite, trigo, soja e ovos.<\/strong><\/p>\n<hr data-start=\"1741\" data-end=\"1744\" \/>\n<h3 data-start=\"1746\" data-end=\"1764\">\u26a0\ufe0f <strong data-start=\"1753\" data-end=\"1764\">Aten\u00e7\u00e3o<\/strong><\/h3>\n<ul data-start=\"1765\" data-end=\"2130\">\n<li data-start=\"1765\" data-end=\"1806\">\n<p data-start=\"1767\" data-end=\"1806\">Mantenha fora do alcance de crian\u00e7as.<\/p>\n<\/li>\n<li data-start=\"1807\" data-end=\"1849\">\n<p data-start=\"1809\" data-end=\"1849\">Este produto <strong data-start=\"1822\" data-end=\"1847\">n\u00e3o \u00e9 um medicamento.<\/strong><\/p>\n<\/li>\n<li data-start=\"1850\" data-end=\"1914\">\n<p data-start=\"1852\" data-end=\"1914\"><strong data-start=\"1852\" data-end=\"1889\">N\u00e3o exceder a recomenda\u00e7\u00e3o di\u00e1ria<\/strong> indicada na embalagem.<\/p>\n<\/li>\n<li data-start=\"1915\" data-end=\"1963\">\n<p data-start=\"1917\" data-end=\"1963\">Conservar ao abrigo da luz, calor e umidade.<\/p>\n<\/li>\n<li data-start=\"1964\" data-end=\"2009\">\n<p data-start=\"1966\" data-end=\"2009\">Ap\u00f3s aberto, <strong data-start=\"1979\" data-end=\"2007\">consumir em at\u00e9 60 dias.<\/strong><\/p>\n<\/li>\n<li data-start=\"2010\" data-end=\"2074\">\n<p data-start=\"2012\" data-end=\"2074\">Indicado para <strong data-start=\"2026\" data-end=\"2072\">maiores de 19 anos, gestantes e lactantes.<\/strong><\/p>\n<\/li>\n<li data-start=\"2075\" data-end=\"2130\">\n<p data-start=\"2077\" data-end=\"2130\">Dispensa registro conforme <strong data-start=\"2104\" data-end=\"2130\">RDC 240\/2018 (ANVISA).<\/strong><\/p>\n<\/li>\n<\/ul>\n<p><!-- Informa\u00e7\u00e3o Nutricional - Vitamina D --><\/p>\n<section class=\"informacao-nutricional\" style=\"display: flex; justify-content: center; width: 100%; font-family: 'Hanken Grotesk',sans-serif; margin: 40px 0; text-align: center;\">\n<div style=\"max-width: 650px; width: 90%; color: #000;\">\n<h2 style=\"margin-bottom: 10px;\">INFORMA\u00c7\u00c3O NUTRICIONAL<\/h2>\n<p style=\"margin: 0 0 10px 0;\"><strong>Por\u00e7\u00e3o de 470 mg (1 c\u00e1psula)<\/strong><\/p>\n<table style=\"width: 100%; border-collapse: collapse; text-align: left; color: #000;\" border=\"1\" cellspacing=\"0\" cellpadding=\"6\">\n<thead>\n<tr style=\"background-color: #f9f9f9;\">\n<th><\/th>\n<th>Quantidade por por\u00e7\u00e3o<\/th>\n<th>%VD*<\/th>\n<\/tr>\n<\/thead>\n<tbody>\n<tr>\n<td><strong>Vitamina D<\/strong><\/td>\n<td>50 mcg<\/td>\n<td>1000<\/td>\n<\/tr>\n<\/tbody>\n<\/table>\n<p style=\"font-size: 0.9em; margin-top: 10px; text-align: justify;\">N\u00e3o cont\u00e9m quantidades significativas de valor energ\u00e9tico, carboidratos, prote\u00ednas, gorduras totais, gorduras saturadas, gorduras trans, fibra alimentar e s\u00f3dio.<\/p>\n<p style=\"font-size: 0.9em; margin-top: 10px; text-align: justify;\">(%VD) Valores Di\u00e1rios de refer\u00eancia com base em uma dieta de 2000 kcal ou 8400 kJ.<br \/>\nSeus valores di\u00e1rios podem ser maiores ou menores dependendo de suas necessidades energ\u00e9ticas.<\/p>\n<\/div>\n<\/section>\n","protected":false},"excerpt":{"rendered":"<h4 data-start=\"292\" data-end=\"367\"><strong data-start=\"298\" data-end=\"367\">Fortale\u00e7a sua Sa\u00fade e Imunidade<\/strong><\/h4>\n<p data-start=\"369\" data-end=\"661\">A <strong data-start=\"371\" data-end=\"395\">Vitamina D Euronutry<\/strong> \u00e9 o refor\u00e7o que o seu corpo precisa todos os dias.<br data-start=\"446\" data-end=\"449\" \/>Produzida naturalmente pela pele quando exposta ao sol, a vitamina D \u00e9 essencial para <strong data-start=\"535\" data-end=\"589\">fortalecer ossos, m\u00fasculos e o sistema imunol\u00f3gico<\/strong>, al\u00e9m de ajudar na preven\u00e7\u00e3o de doen\u00e7as e melhorar o bem-estar geral.<\/p>\n<p data-start=\"663\" data-end=\"814\">Com <strong data-start=\"667\" data-end=\"721\">alta concentra\u00e7\u00e3o de 2.000 UI por c\u00e1psula (50 mcg)<\/strong> e <strong data-start=\"724\" data-end=\"743\">r\u00e1pida absor\u00e7\u00e3o<\/strong>, a Life D entrega uma dose potente de energia e sa\u00fade em cada c\u00e1psula.<\/p>\n","protected":false},"featured_media":6168,"comment_status":"open","ping_status":"closed","template":"","meta":[],"product_brand":[],"product_cat":[86],"product_tag":[91],"class_list":{"0":"post-5936","1":"product","2":"type-product","3":"status-publish","4":"has-post-thumbnail","6":"product_cat-vitaminas","7":"product_tag-saude","9":"first","10":"instock","11":"taxable","12":"shipping-taxable","13":"purchasable","14":"product-type-simple"},"_links":{"self":[{"href":"https:\/\/euronutry.com.br\/loja\/wp-json\/wp\/v2\/product\/5936","targetHints":{"allow":["GET"]}}],"collection":[{"href":"https:\/\/euronutry.com.br\/loja\/wp-json\/wp\/v2\/product"}],"about":[{"href":"https:\/\/euronutry.com.br\/loja\/wp-json\/wp\/v2\/types\/product"}],"replies":[{"embeddable":true,"href":"https:\/\/euronutry.com.br\/loja\/wp-json\/wp\/v2\/comments?post=5936"}],"wp:featuredmedia":[{"embeddable":true,"href":"https:\/\/euronutry.com.br\/loja\/wp-json\/wp\/v2\/media\/6168"}],"wp:attachment":[{"href":"https:\/\/euronutry.com.br\/loja\/wp-json\/wp\/v2\/media?parent=5936"}],"wp:term":[{"taxonomy":"product_brand","embeddable":true,"href":"https:\/\/euronutry.com.br\/loja\/wp-json\/wp\/v2\/product_brand?post=5936"},{"taxonomy":"product_cat","embeddable":true,"href":"https:\/\/euronutry.com.br\/loja\/wp-json\/wp\/v2\/product_cat?post=5936"},{"taxonomy":"product_tag","embeddable":true,"href":"https:\/\/euronutry.com.br\/loja\/wp-json\/wp\/v2\/product_tag?post=5936"}],"curies":[{"name":"wp","href":"https:\/\/api.w.org\/{rel}","templated":true}]}}