{"id":5955,"date":"2025-10-29T03:53:55","date_gmt":"2025-10-29T06:53:55","guid":{"rendered":"https:\/\/euronutry.com.br\/loja\/produto\/collagen-em-po-240g\/"},"modified":"2026-03-06T11:02:26","modified_gmt":"2026-03-06T14:02:26","slug":"collagen-em-po-240g","status":"publish","type":"product","link":"https:\/\/euronutry.com.br\/loja\/produto\/collagen-em-po-240g\/","title":{"rendered":"COLLAGEN EM P\u00d3 240G"},"content":{"rendered":"<h3 data-start=\"730\" data-end=\"781\">\ud83d\udc9c <strong data-start=\"737\" data-end=\"781\">Por que o Collagen Euronutry \u00e9 diferente<\/strong><\/h3>\n<ul data-start=\"782\" data-end=\"1524\">\n<li data-start=\"782\" data-end=\"911\">\n<p data-start=\"784\" data-end=\"911\"><strong data-start=\"784\" data-end=\"826\">Col\u00e1geno Hidrolisado (Gelcopep\u00ae Plus):<\/strong> alta concentra\u00e7\u00e3o de prote\u00edna (10g por por\u00e7\u00e3o) pra firmeza e elasticidade da pele.<\/p>\n<\/li>\n<li data-start=\"912\" data-end=\"1020\">\n<p data-start=\"914\" data-end=\"1020\"><strong data-start=\"914\" data-end=\"937\">Ciste\u00edna + Biotina:<\/strong> fortalecem cabelo e unhas, deixando-os mais resistentes, brilhantes e saud\u00e1veis.<\/p>\n<\/li>\n<li data-start=\"1021\" data-end=\"1120\">\n<p data-start=\"1023\" data-end=\"1120\"><strong data-start=\"1023\" data-end=\"1045\">\u00c1cido Hialur\u00f4nico:<\/strong> hidrata a pele de dentro pra fora e ajuda a reduzir linhas de express\u00e3o.<\/p>\n<\/li>\n<li data-start=\"1121\" data-end=\"1236\">\n<p data-start=\"1123\" data-end=\"1236\"><strong data-start=\"1123\" data-end=\"1146\">\u00c1cido Ortosil\u00edcico:<\/strong> estimula a produ\u00e7\u00e3o natural de col\u00e1geno tipo I e fortalece ossos, articula\u00e7\u00f5es e unhas.<\/p>\n<\/li>\n<li data-start=\"1237\" data-end=\"1321\">\n<p data-start=\"1239\" data-end=\"1321\"><strong data-start=\"1239\" data-end=\"1262\">Vitaminas A, C e E:<\/strong> antioxidantes poderosos contra o envelhecimento precoce.<\/p>\n<\/li>\n<li data-start=\"1322\" data-end=\"1429\">\n<p data-start=\"1324\" data-end=\"1429\"><strong data-start=\"1324\" data-end=\"1351\">Zinco, Sel\u00eanio e Cobre:<\/strong> protegem contra radicais livres e ajudam na pigmenta\u00e7\u00e3o da pele e dos fios.<\/p>\n<\/li>\n<li data-start=\"1430\" data-end=\"1524\">\n<p data-start=\"1432\" data-end=\"1524\"><strong data-start=\"1432\" data-end=\"1455\">Vitaminas B6 e B12:<\/strong> auxiliam no metabolismo e na sa\u00fade geral da pele, unhas e cabelos.<\/p>\n<\/li>\n<\/ul>\n<p data-start=\"1526\" data-end=\"1584\">\u00c9 mais que um suplemento \u2014 \u00e9 um ritual de beleza completo.<\/p>\n<hr data-start=\"1586\" data-end=\"1589\" \/>\n<h3 data-start=\"1591\" data-end=\"1617\">\ud83d\udd52 <strong data-start=\"1598\" data-end=\"1617\">Sugest\u00e3o de uso<\/strong><\/h3>\n<p data-start=\"1618\" data-end=\"1697\">Tome <strong data-start=\"1623\" data-end=\"1639\">1 vez ao dia<\/strong>, ou conforme recomenda\u00e7\u00e3o do seu m\u00e9dico ou nutricionista.<\/p>\n<hr data-start=\"1699\" data-end=\"1702\" \/>\n<h3 data-start=\"1704\" data-end=\"1730\">\ud83e\uddc3 <strong data-start=\"1711\" data-end=\"1730\">Modo de preparo<\/strong><\/h3>\n<p data-start=\"1731\" data-end=\"1848\">Adicione <strong data-start=\"1740\" data-end=\"1755\">3 dosadores<\/strong> em <strong data-start=\"1759\" data-end=\"1784\">200ml de \u00e1gua mineral<\/strong>, misture bem e pronto \u2014 sua dose di\u00e1ria de beleza est\u00e1 servida.<\/p>\n<hr data-start=\"1850\" data-end=\"1853\" \/>\n<h3 data-start=\"1855\" data-end=\"1878\">\ud83d\udd2c <strong data-start=\"1862\" data-end=\"1878\">Ingredientes<\/strong><\/h3>\n<p data-start=\"1879\" data-end=\"2342\">Col\u00e1geno hidrolisado, polidextrose, ciste\u00edna, hialuronato de s\u00f3dio, \u00e1cido asc\u00f3rbico, bisglicinato de zinco, \u00e1cido ortosil\u00edcico estabilizado em maltodextrina, DL-alfa-tocoferil-acetato, acetato de retinol, biotina, \u00e1cido pantot\u00eanico, cloridrato de piridoxina, cianocobalamina, selenito de s\u00f3dio, bisglicinato de cobre, acidulante \u00e1cido c\u00edtrico, aromatizante, espessante goma xantana, corante ponceau 4R, edulcorantes glicos\u00eddeos de esteviol (stevia) e taumatina.<\/p>\n<p data-start=\"2344\" data-end=\"2402\">\u27a1\ufe0f <strong data-start=\"2347\" data-end=\"2402\">Pode conter derivados de leite, trigo, soja e ovos.<\/strong><\/p>\n<hr data-start=\"2404\" data-end=\"2407\" \/>\n<h3 data-start=\"2409\" data-end=\"2427\">\u26a0\ufe0f <strong data-start=\"2416\" data-end=\"2427\">Aten\u00e7\u00e3o<\/strong><\/h3>\n<ul data-start=\"2428\" data-end=\"2626\">\n<li data-start=\"2428\" data-end=\"2469\">\n<p data-start=\"2430\" data-end=\"2469\">Mantenha fora do alcance de crian\u00e7as.<\/p>\n<\/li>\n<li data-start=\"2470\" data-end=\"2512\">\n<p data-start=\"2472\" data-end=\"2512\">Este produto <strong data-start=\"2485\" data-end=\"2510\">n\u00e3o \u00e9 um medicamento.<\/strong><\/p>\n<\/li>\n<li data-start=\"2513\" data-end=\"2577\">\n<p data-start=\"2515\" data-end=\"2577\"><strong data-start=\"2515\" data-end=\"2552\">N\u00e3o exceder a recomenda\u00e7\u00e3o di\u00e1ria<\/strong> indicada na embalagem.<\/p>\n<\/li>\n<li data-start=\"2578\" data-end=\"2626\">\n<p data-start=\"2580\" data-end=\"2626\">Conservar ao abrigo da luz, calor e umidade.<\/p>\n<\/li>\n<\/ul>\n<p><!-- Informa\u00e7\u00e3o Nutricional --><\/p>\n<section class=\"informacao-nutricional\" style=\"display: flex; justify-content: center; width: 100%; font-family: 'Hanken Grotesk',sans-serif; margin: 40px 0; text-align: center;\">\n<div style=\"max-width: 650px; width: 90%; color: #000;\">\n<h2 style=\"margin-bottom: 10px;\">INFORMA\u00c7\u00c3O NUTRICIONAL<\/h2>\n<p style=\"margin: 0 0 10px 0;\"><strong>Por\u00e7\u00e3o de 12 g (3 dosadores)<\/strong><\/p>\n<table style=\"width: 100%; border-collapse: collapse; text-align: left; color: #000;\" border=\"1\" cellspacing=\"0\" cellpadding=\"6\">\n<thead>\n<tr style=\"background-color: #f9f9f9;\">\n<th>Quantidade por por\u00e7\u00e3o<\/th>\n<th><\/th>\n<th>%VD*<\/th>\n<\/tr>\n<\/thead>\n<tbody>\n<tr>\n<td><strong>Valor energ\u00e9tico<\/strong><\/td>\n<td>41 kcal = 172 kJ<\/td>\n<td>2<\/td>\n<\/tr>\n<tr>\n<td><strong>Prote\u00ednas (g)<\/strong><\/td>\n<td>10<\/td>\n<td>20<\/td>\n<\/tr>\n<tr>\n<td><strong>L-Ciste\u00edna (mg)<\/strong><\/td>\n<td>250<\/td>\n<td>&#8212;<\/td>\n<\/tr>\n<tr>\n<td><strong>Fibra alimentar (g)<\/strong><\/td>\n<td>1<\/td>\n<td>4<\/td>\n<\/tr>\n<tr>\n<td><strong>S\u00f3dio (mg)<\/strong><\/td>\n<td>20<\/td>\n<td>1<\/td>\n<\/tr>\n<tr>\n<td><strong>Sil\u00edcio (mcg)<\/strong><\/td>\n<td>500<\/td>\n<td>&#8212;<\/td>\n<\/tr>\n<tr>\n<td><strong>\u00c1cido hialur\u00f4nico (mg)<\/strong><\/td>\n<td>100<\/td>\n<td>&#8212;<\/td>\n<\/tr>\n<tr>\n<td><strong>Biotina (mcg)<\/strong><\/td>\n<td>30<\/td>\n<td>100<\/td>\n<\/tr>\n<tr>\n<td><strong>Vitamina B5 (mg)<\/strong><\/td>\n<td>5<\/td>\n<td>100<\/td>\n<\/tr>\n<tr>\n<td><strong>Vitamina B6 (mg)<\/strong><\/td>\n<td>1,3<\/td>\n<td>100<\/td>\n<\/tr>\n<tr>\n<td><strong>Vitamina B12 (mcg)<\/strong><\/td>\n<td>2,4<\/td>\n<td>100<\/td>\n<\/tr>\n<tr>\n<td><strong>Vitamina C (mg)<\/strong><\/td>\n<td>45<\/td>\n<td>100<\/td>\n<\/tr>\n<tr>\n<td><strong>Vitamina A (mcg)<\/strong><\/td>\n<td>600<\/td>\n<td>100<\/td>\n<\/tr>\n<tr>\n<td><strong>Vitamina E (mg)<\/strong><\/td>\n<td>10<\/td>\n<td>100<\/td>\n<\/tr>\n<tr>\n<td><strong>Sel\u00eanio (mcg)<\/strong><\/td>\n<td>34<\/td>\n<td>100<\/td>\n<\/tr>\n<tr>\n<td><strong>Zinco (mg)<\/strong><\/td>\n<td>7<\/td>\n<td>100<\/td>\n<\/tr>\n<tr>\n<td><strong>Cobre (mcg)<\/strong><\/td>\n<td>900<\/td>\n<td>100<\/td>\n<\/tr>\n<\/tbody>\n<\/table>\n<p style=\"font-size: 0.9em; margin-top: 10px; text-align: justify;\">N\u00e3o cont\u00e9m quantidades significativas de carboidratos, gorduras totais, gorduras saturadas e gorduras trans.<\/p>\n<p>(*) % Valores Di\u00e1rios de refer\u00eancia com base em uma dieta de 2000 kcal ou 8400 kJ.<br \/>\nSeus valores di\u00e1rios podem ser maiores ou menores dependendo de suas necessidades energ\u00e9ticas.<br \/>\n\u2014 Valor Di\u00e1rio n\u00e3o estabelecido.<\/p>\n<p style=\"font-size: 0.9em; margin-top: 10px;\"><strong>CONSERVAR AO ABRIGO DA LUZ, CALOR E UMIDADE.<br \/>\nAP\u00d3S ABERTO, CONSUMIR EM AT\u00c9 60 DIAS.<\/strong><\/p>\n<p style=\"font-size: 0.9em; margin-top: 10px;\">Produto indicado para grupo populacional \u2265 19 anos.<br \/>\nDispensado da obrigatoriedade de registro conforme Resolu\u00e7\u00e3o RDC 240\/2018 (ANVISA).<\/p>\n<\/div>\n<\/section>\n","protected":false},"excerpt":{"rendered":"<h4 data-start=\"225\" data-end=\"302\"><strong data-start=\"231\" data-end=\"302\">Pele Firme, Cabelos Fortes e Unhas Impec\u00e1veis<\/strong><\/h4>\n<p data-start=\"304\" data-end=\"659\">Beleza come\u00e7a de dentro pra fora \u2014 e o <strong data-start=\"343\" data-end=\"371\">Collagen em P\u00f3 Euronutry<\/strong> \u00e9 o segredo pra quem quer cuidar da pele, do cabelo e das unhas com resultados reais.<br data-start=\"457\" data-end=\"460\" \/>Com uma f\u00f3rmula completa de <strong data-start=\"488\" data-end=\"534\">col\u00e1geno hidrolisado, vitaminas e minerais<\/strong>, ele ajuda a manter a firmeza da pele, o brilho dos cabelos e a resist\u00eancia das unhas, tudo com um sabor leve e agrad\u00e1vel.<\/p>\n<p data-start=\"661\" data-end=\"723\">\u00c9 o cuidado di\u00e1rio que o seu corpo sente \u2014 e o espelho nota. \u2728<\/p>\n","protected":false},"featured_media":6152,"comment_status":"open","ping_status":"closed","template":"","meta":[],"product_brand":[],"product_cat":[81],"product_tag":[91],"class_list":{"0":"post-5955","1":"product","2":"type-product","3":"status-publish","4":"has-post-thumbnail","6":"product_cat-colageno","7":"product_tag-saude","8":"pa_sabor-2-limoes","9":"pa_sabor-cranberry","11":"first","12":"instock","13":"taxable","14":"shipping-taxable","15":"purchasable","16":"product-type-variable","17":"rtwpvg-product","18":"rtwpvs-product","19":"rtwpvs-selected-term-beside-label"},"_links":{"self":[{"href":"https:\/\/euronutry.com.br\/loja\/wp-json\/wp\/v2\/product\/5955","targetHints":{"allow":["GET"]}}],"collection":[{"href":"https:\/\/euronutry.com.br\/loja\/wp-json\/wp\/v2\/product"}],"about":[{"href":"https:\/\/euronutry.com.br\/loja\/wp-json\/wp\/v2\/types\/product"}],"replies":[{"embeddable":true,"href":"https:\/\/euronutry.com.br\/loja\/wp-json\/wp\/v2\/comments?post=5955"}],"wp:featuredmedia":[{"embeddable":true,"href":"https:\/\/euronutry.com.br\/loja\/wp-json\/wp\/v2\/media\/6152"}],"wp:attachment":[{"href":"https:\/\/euronutry.com.br\/loja\/wp-json\/wp\/v2\/media?parent=5955"}],"wp:term":[{"taxonomy":"product_brand","embeddable":true,"href":"https:\/\/euronutry.com.br\/loja\/wp-json\/wp\/v2\/product_brand?post=5955"},{"taxonomy":"product_cat","embeddable":true,"href":"https:\/\/euronutry.com.br\/loja\/wp-json\/wp\/v2\/product_cat?post=5955"},{"taxonomy":"product_tag","embeddable":true,"href":"https:\/\/euronutry.com.br\/loja\/wp-json\/wp\/v2\/product_tag?post=5955"}],"curies":[{"name":"wp","href":"https:\/\/api.w.org\/{rel}","templated":true}]}}